{"id":249,"date":"2022-03-15T13:44:09","date_gmt":"2022-03-15T18:44:09","guid":{"rendered":"https:\/\/www.infomedicintl.com\/?page_id=249"},"modified":"2022-03-15T13:46:02","modified_gmt":"2022-03-15T18:46:02","slug":"ngs-evaluacion-farmacogenomica-pediatrica","status":"publish","type":"page","link":"https:\/\/www.infomedicintl.com\/index.php\/ngs-evaluacion-farmacogenomica-pediatrica\/","title":{"rendered":"NGS &#8211; Evaluaci\u00f3n farmacogen\u00f3mica pedi\u00e1trica"},"content":{"rendered":"\n<p><\/p>\n\n\n\n<p><strong>Listado de asociaciones entre genes y f\u00e1rmacos que pueden ser evaluadas por NGS:<\/strong><\/p>\n\n\n\n<p>Carbamazepina<br>Citalopram<br>Clomipramina<br>Gentamicina<br>Estreptomicina<br>Amikacina<br>Kanamicina<br>Dapsona<br>Cloroquina<br>Primaquina<br>Sulfadiazina<br>Fenito\u00edna<br>Isoniazida<br>Abacavir<br>Tioguanina<br>Warfarina<br>Metoprolol<br>Propafenona<br>Omeprazol<br>Lansoprazol<br>Diazepam<br>Pantoprazol<br>Clobazam<br>Valproico<br>Paroxetina<br>Gentamicina<br>Imipramina<br>Nortriptilina<br>Aripiprazol<\/p>\n\n\n\n<p><strong>English version<\/strong><\/p>\n\n\n\n<p>Carbamazepine<br>Citalopram<br>Clomipramine<br>Gentamicin<br>Streptomycin<br>Amikacin<br>Kanamycin<br>Dapsone<br>Chloroquine<br>Primaquine<br>Sulfadiazine<br>Phenytoin<br>Isoniazid<br>Abacavir<br>Thioguanine<br>Warfarin<br>Metoprolol<br>Propafenone<br>Omeprazole<br>Lansoprazole<br>Diazepam<br>Pantoprazole<br>Clobazam<br>Valproic<br>Paroxetine<br>Gentamicin<br>Imipramine<br>Nortriptyline<br>Aripiprazole<\/p>\n","protected":false},"excerpt":{"rendered":"<p>Listado de asociaciones entre genes y f\u00e1rmacos que pueden ser evaluadas por NGS: CarbamazepinaCitalopramClomipraminaGentamicinaEstreptomicinaAmikacinaKanamicinaDapsonaCloroquinaPrimaquinaSulfadiazinaFenito\u00ednaIsoniazidaAbacavirTioguaninaWarfarinaMetoprololPropafenonaOmeprazolLansoprazolDiazepamPantoprazolClobazamValproicoParoxetinaGentamicinaImipraminaNortriptilinaAripiprazol English version CarbamazepineCitalopramClomipramineGentamicinStreptomycinAmikacinKanamycinDapsoneChloroquinePrimaquineSulfadiazinePhenytoinIsoniazidAbacavirThioguanineWarfarinMetoprololPropafenoneOmeprazoleLansoprazoleDiazepamPantoprazoleClobazamValproicParoxetineGentamicinImipramineNortriptylineAripiprazole<\/p>\n","protected":false},"author":1,"featured_media":0,"parent":0,"menu_order":0,"comment_status":"closed","ping_status":"closed","template":"","meta":{"_sb_is_suggestion_mode":false,"_sb_show_suggestion_boards":false,"_sb_show_comment_boards":false,"_sb_suggestion_history":"","_sb_update_block_changes":"","footnotes":""},"class_list":["post-249","page","type-page","status-publish","hentry"],"_links":{"self":[{"href":"https:\/\/www.infomedicintl.com\/index.php\/wp-json\/wp\/v2\/pages\/249","targetHints":{"allow":["GET"]}}],"collection":[{"href":"https:\/\/www.infomedicintl.com\/index.php\/wp-json\/wp\/v2\/pages"}],"about":[{"href":"https:\/\/www.infomedicintl.com\/index.php\/wp-json\/wp\/v2\/types\/page"}],"author":[{"embeddable":true,"href":"https:\/\/www.infomedicintl.com\/index.php\/wp-json\/wp\/v2\/users\/1"}],"replies":[{"embeddable":true,"href":"https:\/\/www.infomedicintl.com\/index.php\/wp-json\/wp\/v2\/comments?post=249"}],"version-history":[{"count":2,"href":"https:\/\/www.infomedicintl.com\/index.php\/wp-json\/wp\/v2\/pages\/249\/revisions"}],"predecessor-version":[{"id":251,"href":"https:\/\/www.infomedicintl.com\/index.php\/wp-json\/wp\/v2\/pages\/249\/revisions\/251"}],"wp:attachment":[{"href":"https:\/\/www.infomedicintl.com\/index.php\/wp-json\/wp\/v2\/media?parent=249"}],"curies":[{"name":"wp","href":"https:\/\/api.w.org\/{rel}","templated":true}]}}