{"id":22,"date":"2021-11-25T00:49:54","date_gmt":"2021-11-25T00:49:54","guid":{"rendered":"https:\/\/www.infomedicintl.com\/\/?page_id=22"},"modified":"2021-12-24T18:34:35","modified_gmt":"2021-12-24T23:34:35","slug":"politicas-editoriales","status":"publish","type":"page","link":"https:\/\/www.infomedicintl.com\/index.php\/politicas-editoriales\/","title":{"rendered":"Politicas Editoriales de contenido de revistas  \/ Editorial Policies Journal content"},"content":{"rendered":"\n<h2 class=\"wp-block-heading\"><strong>Pol\u00edticas Editoriales de las Revistas M\u00e9dicas \/ Editorial Policies de las Revistas M\u00e9dicas<\/strong><\/h2>\n\n\n\n<p><strong><em><u>Restricciones del uso y repdroducci\u00f3n del contenido<\/u><\/em><\/strong><\/p>\n\n\n\n<p>El contenido de las revistas Editadas y alojadas a trav\u00e9s de Infomedic International tienen derecho de autor\u00eda y reproducci\u00f3n.&nbsp; El contenido puede ser utilizado gratuitamente para uso individual y acad\u00e9mico. Queda terminantemente prohibido la reproducci\u00f3n del contenido ya sea im\u00e1genes, texto o documentos PDF o la colocaci\u00f3n del mismo en otros repositorios para cualquier fin. El material publicado esta bajo licencia exclusiva de publicaci\u00f3n y redistribuci\u00f3n. Se mantiene el acceso gratuito para todo visitante individual.<\/p>\n\n\n\n<p><strong><em><u>Politicas Editoriales\/Editorial Policies<\/u><\/em><\/strong><\/p>\n\n\n\n<p>Nuestra pol\u00edtica editorial consiste en la delegaci\u00f3n de las decisiones editoriales a los Editores en Jefes de las revistas y a su equipo de trabajo, dando consejer\u00eda a trav\u00e9s del proceso para mantener los lineamientos internacionales.<\/p>\n\n\n\n<p>Our editorial policies consist in delegating the decision-making to the Editor-in-chief and his team of Editors. We provide important consulting throughout the process to keep in agreement with publishing and ethical guidelines.<\/p>\n\n\n\n<p><strong><em><u>Proceso de revisi\u00f3n por pares\/Peer-Review Process<\/u><\/em><\/strong><\/p>\n\n\n\n<p>Las revistas publicadas a trav\u00e9s de nuestra empresa tienen total autonom\u00eda para escoger el proceso de revisi\u00f3n por pares. La empresa no influye en las decisiones editoriales, ni la escogencia de los revisores.<\/p>\n\n\n\n<p>Each Editorial committee has independence for choosing their own reviewers. Our company does not influence on that matter.<\/p>\n\n\n\n<p><strong><em><u>Pol\u00edticas de promoci\u00f3n\/Advertizing Policies<\/u><\/em><\/strong><\/p>\n\n\n\n<p>Nuestra empresa est\u00e1 abierta a las pol\u00edticas de promoci\u00f3n y mercadeo independiente de los comit\u00e9s editoriales. En ning\u00fan momento se influye en las decisiones editoriales por ning\u00fan m\u00e9todo de retribuci\u00f3n directo o indirecto a los comit\u00e9s editoriales.<\/p>\n\n\n\n<p>Our company does search for advertising revenue, but it is managed independently from the editorial process. In this way, the academic\/Editorial process is not influenced in any way, directly or indirectly.<\/p>\n\n\n\n<p><strong><em><u>Etica en investigaci\u00f3n\/Ethics in Research<\/u><\/em><\/strong><\/p>\n\n\n\n<p>Nuestra empresa ha promovido las pol\u00edticas de \u00e9tica y el uso de formularios de consentimiento informado y declaraci\u00f3n de conflicto de inter\u00e9s para seguir las normas internacionales y locales. Como requisito, hemos establecido herramientas digitales para que se exija la implementaci\u00f3n de estas normativas de publicaci\u00f3n, las cuales son implementadas por los comit\u00e9s editoriales.<\/p>\n\n\n\n<p>We have established the technological infrastructure to comply with the ethic requirements of informed consent and declaration of conflict of interest in order to increase transparency and improved our journal quality. We are committed to high-standards to become a positive influence in the region.<\/p>\n\n\n\n<p><strong><em><u>Consentimiento Informado\/Informed Consent<\/u><\/em><\/strong><\/p>\n\n\n\n<p>Los documentos de consentimiento informado, registros de investigaci\u00f3n enviados a nuestra plataforma son guardados indefinidamente. Todo trabajo publicado por revistas asociadas debe tener consentimiento informado y son exigidos por sus editores.<\/p>\n\n\n\n<p>All documents, including the informed consent forms and conflict of interest forms are stored indefinitely by our company. Moreover, we work with the Editorial Boards to enforce the ethics requirements.<\/p>\n\n\n\n<p><strong><em><u>Correcciones, retiros y muestras de preocupaci\u00f3n\/Corrections, retractions and concerns<\/u><\/em><\/strong><\/p>\n\n\n\n<p>Nuestras pol\u00edticas de correcciones y retiros son transparentes. Las correcciones se realizan publicando un &#8220;fe de errata&#8221; como art\u00edculo adicional tan pronto se confirme el error. Una vez se documenta el error, el editor y los autores son informados y se procede hacer la correcci\u00f3n por medio de &#8220;fe de errata&#8221; y en metadata. Los indices son corregidos con una nueva versi\u00f3n.<\/p>\n\n\n\n<p>We sustain transparent policies of corrections in which any correction is first verified, and the authors and editors informed.&nbsp; The correction is first made publicly through a PDF in the website, and the metadata manually corrected.&nbsp; The information in several indexes is then updated with the new version. We are in favor of retraction and concerns with full disclosure to retain the credibility of our company and journals.<\/p>\n\n\n\n<p>Version 1.3<br>Fecha\/Date: 22 de octubre, 2021.<\/p>\n\n\n\n<p><\/p>\n","protected":false},"excerpt":{"rendered":"<p>Pol\u00edticas Editoriales de las Revistas M\u00e9dicas \/ Editorial Policies de las Revistas M\u00e9dicas Restricciones del uso y repdroducci\u00f3n del contenido El contenido de las revistas Editadas y alojadas a trav\u00e9s de Infomedic International tienen derecho de autor\u00eda y reproducci\u00f3n.&nbsp; El contenido puede ser utilizado gratuitamente para uso individual y acad\u00e9mico. Queda terminantemente prohibido la reproducci\u00f3n &hellip; <a href=\"https:\/\/www.infomedicintl.com\/index.php\/politicas-editoriales\/\" class=\"more-link\">Continue reading<span class=\"screen-reader-text\"> &#8220;Politicas Editoriales de contenido de revistas  \/ Editorial Policies Journal content&#8221;<\/span><\/a><\/p>\n","protected":false},"author":1,"featured_media":0,"parent":0,"menu_order":0,"comment_status":"closed","ping_status":"closed","template":"","meta":{"_sb_is_suggestion_mode":false,"_sb_show_suggestion_boards":false,"_sb_show_comment_boards":false,"_sb_suggestion_history":"","_sb_update_block_changes":"","footnotes":""},"class_list":["post-22","page","type-page","status-publish","hentry"],"_links":{"self":[{"href":"https:\/\/www.infomedicintl.com\/index.php\/wp-json\/wp\/v2\/pages\/22","targetHints":{"allow":["GET"]}}],"collection":[{"href":"https:\/\/www.infomedicintl.com\/index.php\/wp-json\/wp\/v2\/pages"}],"about":[{"href":"https:\/\/www.infomedicintl.com\/index.php\/wp-json\/wp\/v2\/types\/page"}],"author":[{"embeddable":true,"href":"https:\/\/www.infomedicintl.com\/index.php\/wp-json\/wp\/v2\/users\/1"}],"replies":[{"embeddable":true,"href":"https:\/\/www.infomedicintl.com\/index.php\/wp-json\/wp\/v2\/comments?post=22"}],"version-history":[{"count":5,"href":"https:\/\/www.infomedicintl.com\/index.php\/wp-json\/wp\/v2\/pages\/22\/revisions"}],"predecessor-version":[{"id":239,"href":"https:\/\/www.infomedicintl.com\/index.php\/wp-json\/wp\/v2\/pages\/22\/revisions\/239"}],"wp:attachment":[{"href":"https:\/\/www.infomedicintl.com\/index.php\/wp-json\/wp\/v2\/media?parent=22"}],"curies":[{"name":"wp","href":"https:\/\/api.w.org\/{rel}","templated":true}]}}